{"id":164,"date":"2024-12-30T15:30:28","date_gmt":"2024-12-30T12:30:28","guid":{"rendered":"https:\/\/neodizayn.site\/?post_type=product&#038;p=164"},"modified":"2024-12-30T15:30:28","modified_gmt":"2024-12-30T12:30:28","slug":"alarko-diamond-mc-750-e-serisi-gri-sular-ve-yagmur-sulari-icin-amacli-dalgic-pompa","status":"publish","type":"product","link":"https:\/\/www.gokturkpompa.com\/index.php\/urun\/alarko-diamond-mc-750-e-serisi-gri-sular-ve-yagmur-sulari-icin-amacli-dalgic-pompa\/","title":{"rendered":"Alarko Diamond MC 750 E Serisi Gri Sular ve Ya\u011fmur Sular\u0131 \u0130\u00e7in Ama\u00e7l\u0131 Dalg\u0131\u00e7 Pompa"},"content":{"rendered":"<h1 class=\"cs-pr-detail-head-1\">Alarko Diamond MC 750 E Serisi Gri Sular ve Ya\u011fmur Sular\u0131 \u0130\u00e7in Ama\u00e7l\u0131 Dalg\u0131\u00e7 Pompa<\/h1>\n","protected":false},"excerpt":{"rendered":"<h1 class=\"cs-pr-detail-head-1\">Alarko Diamond MC 750 E Serisi Gri Sular ve Ya\u011fmur Sular\u0131 \u0130\u00e7in Ama\u00e7l\u0131 Dalg\u0131\u00e7 Pompa<\/h1>\n","protected":false},"featured_media":165,"comment_status":"open","ping_status":"closed","template":"","meta":{"saved_in_kubio":false},"product_brand":[],"product_cat":[19],"product_tag":[],"class_list":{"0":"post-164","1":"product","2":"type-product","3":"status-publish","4":"has-post-thumbnail","6":"product_cat-alarko","8":"first","9":"instock","10":"shipping-taxable","11":"product-type-simple"},"yoast_head":"<!-- This site is optimized with the Yoast SEO plugin v26.9 - https:\/\/yoast.com\/product\/yoast-seo-wordpress\/ -->\n<title>Alarko Diamond MC 750 E Serisi Gri Sular ve Ya\u011fmur Sular\u0131 \u0130\u00e7in Ama\u00e7l\u0131 Dalg\u0131\u00e7 Pompa - G\u00f6kt\u00fcrk Pompa<\/title>\n<meta name=\"robots\" content=\"index, follow, max-snippet:-1, max-image-preview:large, max-video-preview:-1\" \/>\n<link rel=\"canonical\" href=\"https:\/\/www.gokturkpompa.com\/index.php\/urun\/alarko-diamond-mc-750-e-serisi-gri-sular-ve-yagmur-sulari-icin-amacli-dalgic-pompa\/\" \/>\n<meta property=\"og:locale\" content=\"tr_TR\" \/>\n<meta property=\"og:type\" content=\"article\" \/>\n<meta property=\"og:title\" content=\"Alarko Diamond MC 750 E Serisi Gri Sular ve Ya\u011fmur Sular\u0131 \u0130\u00e7in Ama\u00e7l\u0131 Dalg\u0131\u00e7 Pompa - G\u00f6kt\u00fcrk Pompa\" \/>\n<meta property=\"og:description\" content=\"Alarko Diamond MC 750 E Serisi Gri Sular ve Ya\u011fmur Sular\u0131 \u0130\u00e7in Ama\u00e7l\u0131 Dalg\u0131\u00e7 Pompa\" \/>\n<meta property=\"og:url\" content=\"https:\/\/www.gokturkpompa.com\/index.php\/urun\/alarko-diamond-mc-750-e-serisi-gri-sular-ve-yagmur-sulari-icin-amacli-dalgic-pompa\/\" \/>\n<meta property=\"og:site_name\" content=\"G\u00f6kt\u00fcrk Pompa\" \/>\n<meta property=\"og:image\" content=\"https:\/\/www.gokturkpompa.com\/wp-content\/uploads\/2024\/12\/alarko-diamond-mc-750-e-serisi-dalgic-pompa-2.webp\" \/>\n\t<meta property=\"og:image:width\" content=\"1000\" \/>\n\t<meta property=\"og:image:height\" content=\"817\" \/>\n\t<meta property=\"og:image:type\" content=\"image\/webp\" \/>\n<meta name=\"twitter:card\" content=\"summary_large_image\" \/>\n<script type=\"application\/ld+json\" class=\"yoast-schema-graph\">{\"@context\":\"https:\/\/schema.org\",\"@graph\":[{\"@type\":\"WebPage\",\"@id\":\"https:\/\/www.gokturkpompa.com\/index.php\/urun\/alarko-diamond-mc-750-e-serisi-gri-sular-ve-yagmur-sulari-icin-amacli-dalgic-pompa\/\",\"url\":\"https:\/\/www.gokturkpompa.com\/index.php\/urun\/alarko-diamond-mc-750-e-serisi-gri-sular-ve-yagmur-sulari-icin-amacli-dalgic-pompa\/\",\"name\":\"Alarko Diamond MC 750 E Serisi Gri Sular ve Ya\u011fmur Sular\u0131 \u0130\u00e7in Ama\u00e7l\u0131 Dalg\u0131\u00e7 Pompa - G\u00f6kt\u00fcrk Pompa\",\"isPartOf\":{\"@id\":\"https:\/\/www.gokturkpompa.com\/#website\"},\"primaryImageOfPage\":{\"@id\":\"https:\/\/www.gokturkpompa.com\/index.php\/urun\/alarko-diamond-mc-750-e-serisi-gri-sular-ve-yagmur-sulari-icin-amacli-dalgic-pompa\/#primaryimage\"},\"image\":{\"@id\":\"https:\/\/www.gokturkpompa.com\/index.php\/urun\/alarko-diamond-mc-750-e-serisi-gri-sular-ve-yagmur-sulari-icin-amacli-dalgic-pompa\/#primaryimage\"},\"thumbnailUrl\":\"https:\/\/www.gokturkpompa.com\/wp-content\/uploads\/2024\/12\/alarko-diamond-mc-750-e-serisi-dalgic-pompa-2.webp\",\"datePublished\":\"2024-12-30T12:30:28+00:00\",\"breadcrumb\":{\"@id\":\"https:\/\/www.gokturkpompa.com\/index.php\/urun\/alarko-diamond-mc-750-e-serisi-gri-sular-ve-yagmur-sulari-icin-amacli-dalgic-pompa\/#breadcrumb\"},\"inLanguage\":\"tr\",\"potentialAction\":[{\"@type\":\"ReadAction\",\"target\":[\"https:\/\/www.gokturkpompa.com\/index.php\/urun\/alarko-diamond-mc-750-e-serisi-gri-sular-ve-yagmur-sulari-icin-amacli-dalgic-pompa\/\"]}]},{\"@type\":\"ImageObject\",\"inLanguage\":\"tr\",\"@id\":\"https:\/\/www.gokturkpompa.com\/index.php\/urun\/alarko-diamond-mc-750-e-serisi-gri-sular-ve-yagmur-sulari-icin-amacli-dalgic-pompa\/#primaryimage\",\"url\":\"https:\/\/www.gokturkpompa.com\/wp-content\/uploads\/2024\/12\/alarko-diamond-mc-750-e-serisi-dalgic-pompa-2.webp\",\"contentUrl\":\"https:\/\/www.gokturkpompa.com\/wp-content\/uploads\/2024\/12\/alarko-diamond-mc-750-e-serisi-dalgic-pompa-2.webp\",\"width\":1000,\"height\":817},{\"@type\":\"BreadcrumbList\",\"@id\":\"https:\/\/www.gokturkpompa.com\/index.php\/urun\/alarko-diamond-mc-750-e-serisi-gri-sular-ve-yagmur-sulari-icin-amacli-dalgic-pompa\/#breadcrumb\",\"itemListElement\":[{\"@type\":\"ListItem\",\"position\":1,\"name\":\"Anasayfa\",\"item\":\"https:\/\/www.gokturkpompa.com\/\"},{\"@type\":\"ListItem\",\"position\":2,\"name\":\"Ma\u011faza\",\"item\":\"https:\/\/www.gokturkpompa.com\/index.php\/magaza\/\"},{\"@type\":\"ListItem\",\"position\":3,\"name\":\"Alarko Diamond MC 750 E Serisi Gri Sular ve Ya\u011fmur Sular\u0131 \u0130\u00e7in Ama\u00e7l\u0131 Dalg\u0131\u00e7 Pompa\"}]},{\"@type\":\"WebSite\",\"@id\":\"https:\/\/www.gokturkpompa.com\/#website\",\"url\":\"https:\/\/www.gokturkpompa.com\/\",\"name\":\"G\u00f6kt\u00fcrk Pompa\",\"description\":\"G\u00f6kt\u00fcrk Pompa ve Hidrafor\",\"publisher\":{\"@id\":\"https:\/\/www.gokturkpompa.com\/#organization\"},\"potentialAction\":[{\"@type\":\"SearchAction\",\"target\":{\"@type\":\"EntryPoint\",\"urlTemplate\":\"https:\/\/www.gokturkpompa.com\/?s={search_term_string}\"},\"query-input\":{\"@type\":\"PropertyValueSpecification\",\"valueRequired\":true,\"valueName\":\"search_term_string\"}}],\"inLanguage\":\"tr\"},{\"@type\":\"Organization\",\"@id\":\"https:\/\/www.gokturkpompa.com\/#organization\",\"name\":\"G\u00f6kt\u00fcrk Pompa\",\"url\":\"https:\/\/www.gokturkpompa.com\/\",\"logo\":{\"@type\":\"ImageObject\",\"inLanguage\":\"tr\",\"@id\":\"https:\/\/www.gokturkpompa.com\/#\/schema\/logo\/image\/\",\"url\":\"https:\/\/www.gokturkpompa.com\/wp-content\/uploads\/2024\/12\/Remove-bg.ai_1735672499527.png\",\"contentUrl\":\"https:\/\/www.gokturkpompa.com\/wp-content\/uploads\/2024\/12\/Remove-bg.ai_1735672499527.png\",\"width\":300,\"height\":85,\"caption\":\"G\u00f6kt\u00fcrk Pompa\"},\"image\":{\"@id\":\"https:\/\/www.gokturkpompa.com\/#\/schema\/logo\/image\/\"}}]}<\/script>\n<!-- \/ Yoast SEO plugin. -->","yoast_head_json":{"title":"Alarko Diamond MC 750 E Serisi Gri Sular ve Ya\u011fmur Sular\u0131 \u0130\u00e7in Ama\u00e7l\u0131 Dalg\u0131\u00e7 Pompa - G\u00f6kt\u00fcrk Pompa","robots":{"index":"index","follow":"follow","max-snippet":"max-snippet:-1","max-image-preview":"max-image-preview:large","max-video-preview":"max-video-preview:-1"},"canonical":"https:\/\/www.gokturkpompa.com\/index.php\/urun\/alarko-diamond-mc-750-e-serisi-gri-sular-ve-yagmur-sulari-icin-amacli-dalgic-pompa\/","og_locale":"tr_TR","og_type":"article","og_title":"Alarko Diamond MC 750 E Serisi Gri Sular ve Ya\u011fmur Sular\u0131 \u0130\u00e7in Ama\u00e7l\u0131 Dalg\u0131\u00e7 Pompa - G\u00f6kt\u00fcrk Pompa","og_description":"Alarko Diamond MC 750 E Serisi Gri Sular ve Ya\u011fmur Sular\u0131 \u0130\u00e7in Ama\u00e7l\u0131 Dalg\u0131\u00e7 Pompa","og_url":"https:\/\/www.gokturkpompa.com\/index.php\/urun\/alarko-diamond-mc-750-e-serisi-gri-sular-ve-yagmur-sulari-icin-amacli-dalgic-pompa\/","og_site_name":"G\u00f6kt\u00fcrk Pompa","og_image":[{"width":1000,"height":817,"url":"https:\/\/www.gokturkpompa.com\/wp-content\/uploads\/2024\/12\/alarko-diamond-mc-750-e-serisi-dalgic-pompa-2.webp","type":"image\/webp"}],"twitter_card":"summary_large_image","schema":{"@context":"https:\/\/schema.org","@graph":[{"@type":"WebPage","@id":"https:\/\/www.gokturkpompa.com\/index.php\/urun\/alarko-diamond-mc-750-e-serisi-gri-sular-ve-yagmur-sulari-icin-amacli-dalgic-pompa\/","url":"https:\/\/www.gokturkpompa.com\/index.php\/urun\/alarko-diamond-mc-750-e-serisi-gri-sular-ve-yagmur-sulari-icin-amacli-dalgic-pompa\/","name":"Alarko Diamond MC 750 E Serisi Gri Sular ve Ya\u011fmur Sular\u0131 \u0130\u00e7in Ama\u00e7l\u0131 Dalg\u0131\u00e7 Pompa - G\u00f6kt\u00fcrk Pompa","isPartOf":{"@id":"https:\/\/www.gokturkpompa.com\/#website"},"primaryImageOfPage":{"@id":"https:\/\/www.gokturkpompa.com\/index.php\/urun\/alarko-diamond-mc-750-e-serisi-gri-sular-ve-yagmur-sulari-icin-amacli-dalgic-pompa\/#primaryimage"},"image":{"@id":"https:\/\/www.gokturkpompa.com\/index.php\/urun\/alarko-diamond-mc-750-e-serisi-gri-sular-ve-yagmur-sulari-icin-amacli-dalgic-pompa\/#primaryimage"},"thumbnailUrl":"https:\/\/www.gokturkpompa.com\/wp-content\/uploads\/2024\/12\/alarko-diamond-mc-750-e-serisi-dalgic-pompa-2.webp","datePublished":"2024-12-30T12:30:28+00:00","breadcrumb":{"@id":"https:\/\/www.gokturkpompa.com\/index.php\/urun\/alarko-diamond-mc-750-e-serisi-gri-sular-ve-yagmur-sulari-icin-amacli-dalgic-pompa\/#breadcrumb"},"inLanguage":"tr","potentialAction":[{"@type":"ReadAction","target":["https:\/\/www.gokturkpompa.com\/index.php\/urun\/alarko-diamond-mc-750-e-serisi-gri-sular-ve-yagmur-sulari-icin-amacli-dalgic-pompa\/"]}]},{"@type":"ImageObject","inLanguage":"tr","@id":"https:\/\/www.gokturkpompa.com\/index.php\/urun\/alarko-diamond-mc-750-e-serisi-gri-sular-ve-yagmur-sulari-icin-amacli-dalgic-pompa\/#primaryimage","url":"https:\/\/www.gokturkpompa.com\/wp-content\/uploads\/2024\/12\/alarko-diamond-mc-750-e-serisi-dalgic-pompa-2.webp","contentUrl":"https:\/\/www.gokturkpompa.com\/wp-content\/uploads\/2024\/12\/alarko-diamond-mc-750-e-serisi-dalgic-pompa-2.webp","width":1000,"height":817},{"@type":"BreadcrumbList","@id":"https:\/\/www.gokturkpompa.com\/index.php\/urun\/alarko-diamond-mc-750-e-serisi-gri-sular-ve-yagmur-sulari-icin-amacli-dalgic-pompa\/#breadcrumb","itemListElement":[{"@type":"ListItem","position":1,"name":"Anasayfa","item":"https:\/\/www.gokturkpompa.com\/"},{"@type":"ListItem","position":2,"name":"Ma\u011faza","item":"https:\/\/www.gokturkpompa.com\/index.php\/magaza\/"},{"@type":"ListItem","position":3,"name":"Alarko Diamond MC 750 E Serisi Gri Sular ve Ya\u011fmur Sular\u0131 \u0130\u00e7in Ama\u00e7l\u0131 Dalg\u0131\u00e7 Pompa"}]},{"@type":"WebSite","@id":"https:\/\/www.gokturkpompa.com\/#website","url":"https:\/\/www.gokturkpompa.com\/","name":"G\u00f6kt\u00fcrk Pompa","description":"G\u00f6kt\u00fcrk Pompa ve Hidrafor","publisher":{"@id":"https:\/\/www.gokturkpompa.com\/#organization"},"potentialAction":[{"@type":"SearchAction","target":{"@type":"EntryPoint","urlTemplate":"https:\/\/www.gokturkpompa.com\/?s={search_term_string}"},"query-input":{"@type":"PropertyValueSpecification","valueRequired":true,"valueName":"search_term_string"}}],"inLanguage":"tr"},{"@type":"Organization","@id":"https:\/\/www.gokturkpompa.com\/#organization","name":"G\u00f6kt\u00fcrk Pompa","url":"https:\/\/www.gokturkpompa.com\/","logo":{"@type":"ImageObject","inLanguage":"tr","@id":"https:\/\/www.gokturkpompa.com\/#\/schema\/logo\/image\/","url":"https:\/\/www.gokturkpompa.com\/wp-content\/uploads\/2024\/12\/Remove-bg.ai_1735672499527.png","contentUrl":"https:\/\/www.gokturkpompa.com\/wp-content\/uploads\/2024\/12\/Remove-bg.ai_1735672499527.png","width":300,"height":85,"caption":"G\u00f6kt\u00fcrk Pompa"},"image":{"@id":"https:\/\/www.gokturkpompa.com\/#\/schema\/logo\/image\/"}}]}},"_links":{"self":[{"href":"https:\/\/www.gokturkpompa.com\/index.php\/wp-json\/wp\/v2\/product\/164","targetHints":{"allow":["GET"]}}],"collection":[{"href":"https:\/\/www.gokturkpompa.com\/index.php\/wp-json\/wp\/v2\/product"}],"about":[{"href":"https:\/\/www.gokturkpompa.com\/index.php\/wp-json\/wp\/v2\/types\/product"}],"replies":[{"embeddable":true,"href":"https:\/\/www.gokturkpompa.com\/index.php\/wp-json\/wp\/v2\/comments?post=164"}],"wp:featuredmedia":[{"embeddable":true,"href":"https:\/\/www.gokturkpompa.com\/index.php\/wp-json\/wp\/v2\/media\/165"}],"wp:attachment":[{"href":"https:\/\/www.gokturkpompa.com\/index.php\/wp-json\/wp\/v2\/media?parent=164"}],"wp:term":[{"taxonomy":"product_brand","embeddable":true,"href":"https:\/\/www.gokturkpompa.com\/index.php\/wp-json\/wp\/v2\/product_brand?post=164"},{"taxonomy":"product_cat","embeddable":true,"href":"https:\/\/www.gokturkpompa.com\/index.php\/wp-json\/wp\/v2\/product_cat?post=164"},{"taxonomy":"product_tag","embeddable":true,"href":"https:\/\/www.gokturkpompa.com\/index.php\/wp-json\/wp\/v2\/product_tag?post=164"}],"curies":[{"name":"wp","href":"https:\/\/api.w.org\/{rel}","templated":true}]}}